{"id":509,"date":"2022-03-19T15:26:04","date_gmt":"2022-03-19T15:26:04","guid":{"rendered":"https:\/\/hotelesport.com\/directorio\/?page_id=509"},"modified":"2026-02-26T13:37:23","modified_gmt":"2026-02-26T13:37:23","slug":"medioambiente","status":"publish","type":"page","link":"https:\/\/hotelesport.com\/directorio\/medioambiente\/","title":{"rendered":"Medioambiente"},"content":{"rendered":"\t\t<div data-elementor-type=\"wp-page\" data-elementor-id=\"509\" class=\"elementor elementor-509\">\n\t\t\t\t\t\t<section class=\"elementor-section elementor-top-section elementor-element elementor-element-a86efb6 elementor-section-boxed elementor-section-height-default elementor-section-height-default\" data-id=\"a86efb6\" data-element_type=\"section\" data-settings=\"{&quot;background_background&quot;:&quot;classic&quot;}\">\n\t\t\t\t\t\t<div class=\"elementor-container elementor-column-gap-no\">\n\t\t\t\t\t<div class=\"elementor-column elementor-col-33 elementor-top-column elementor-element elementor-element-cab78e5\" data-id=\"cab78e5\" data-element_type=\"column\">\n\t\t\t<div class=\"elementor-widget-wrap elementor-element-populated\">\n\t\t\t\t\t\t<div class=\"elementor-element elementor-element-d176faf elementor-view-default elementor-widget elementor-widget-icon\" data-id=\"d176faf\" data-element_type=\"widget\" data-widget_type=\"icon.default\">\n\t\t\t\t<div class=\"elementor-widget-container\">\n\t\t\t\t\t\t\t<div class=\"elementor-icon-wrapper\">\n\t\t\t<a class=\"elementor-icon\" href=\"https:\/\/hotelesport.com\/directorio\/inicio\/\">\n\t\t\t<i aria-hidden=\"true\" class=\"fas fa-arrow-left\"><\/i>\t\t\t<\/a>\n\t\t<\/div>\n\t\t\t\t\t\t<\/div>\n\t\t\t\t<\/div>\n\t\t\t\t\t<\/div>\n\t\t<\/div>\n\t\t\t\t<div class=\"elementor-column elementor-col-33 elementor-top-column elementor-element elementor-element-317af62\" data-id=\"317af62\" data-element_type=\"column\">\n\t\t\t<div class=\"elementor-widget-wrap elementor-element-populated\">\n\t\t\t\t\t\t<div class=\"elementor-element elementor-element-81e46ee elementor-widget elementor-widget-spacer\" data-id=\"81e46ee\" data-element_type=\"widget\" data-widget_type=\"spacer.default\">\n\t\t\t\t<div class=\"elementor-widget-container\">\n\t\t\t\t\t\t\t<div class=\"elementor-spacer\">\n\t\t\t<div class=\"elementor-spacer-inner\"><\/div>\n\t\t<\/div>\n\t\t\t\t\t\t<\/div>\n\t\t\t\t<\/div>\n\t\t\t\t<div class=\"elementor-element elementor-element-7463a98 elementor-widget elementor-widget-heading\" data-id=\"7463a98\" data-element_type=\"widget\" data-widget_type=\"heading.default\">\n\t\t\t\t<div class=\"elementor-widget-container\">\n\t\t\t\t\t<h1 class=\"elementor-heading-title elementor-size-default\">Compromiso medioambiental del Hotel Es Port<\/h1>\t\t\t\t<\/div>\n\t\t\t\t<\/div>\n\t\t\t\t<div class=\"elementor-element elementor-element-70f20b0 elementor-widget elementor-widget-spacer\" data-id=\"70f20b0\" data-element_type=\"widget\" data-widget_type=\"spacer.default\">\n\t\t\t\t<div class=\"elementor-widget-container\">\n\t\t\t\t\t\t\t<div class=\"elementor-spacer\">\n\t\t\t<div class=\"elementor-spacer-inner\"><\/div>\n\t\t<\/div>\n\t\t\t\t\t\t<\/div>\n\t\t\t\t<\/div>\n\t\t\t\t\t<\/div>\n\t\t<\/div>\n\t\t\t\t<div class=\"elementor-column elementor-col-33 elementor-top-column elementor-element elementor-element-a0400f2\" data-id=\"a0400f2\" data-element_type=\"column\">\n\t\t\t<div class=\"elementor-widget-wrap\">\n\t\t\t\t\t\t\t<\/div>\n\t\t<\/div>\n\t\t\t\t\t<\/div>\n\t\t<\/section>\n\t\t\t\t<section class=\"elementor-section elementor-top-section elementor-element elementor-element-475e9f9 elementor-section-boxed elementor-section-height-default elementor-section-height-default\" data-id=\"475e9f9\" data-element_type=\"section\" data-settings=\"{&quot;background_background&quot;:&quot;classic&quot;}\">\n\t\t\t\t\t\t<div class=\"elementor-container elementor-column-gap-no\">\n\t\t\t\t\t<div class=\"elementor-column elementor-col-100 elementor-top-column elementor-element elementor-element-5d916ab\" data-id=\"5d916ab\" data-element_type=\"column\">\n\t\t\t<div class=\"elementor-widget-wrap elementor-element-populated\">\n\t\t\t\t\t\t<div class=\"elementor-element elementor-element-ea7b59e elementor-arrows-position-inside elementor-widget elementor-widget-image-carousel\" data-id=\"ea7b59e\" data-element_type=\"widget\" data-settings=\"{&quot;slides_to_show&quot;:&quot;1&quot;,&quot;navigation&quot;:&quot;arrows&quot;,&quot;autoplay&quot;:&quot;yes&quot;,&quot;pause_on_hover&quot;:&quot;yes&quot;,&quot;pause_on_interaction&quot;:&quot;yes&quot;,&quot;autoplay_speed&quot;:5000,&quot;infinite&quot;:&quot;yes&quot;,&quot;effect&quot;:&quot;slide&quot;,&quot;speed&quot;:500}\" data-widget_type=\"image-carousel.default\">\n\t\t\t\t<div class=\"elementor-widget-container\">\n\t\t\t\t\t\t\t<div class=\"elementor-image-carousel-wrapper swiper\" role=\"region\" aria-roledescription=\"carousel\" aria-label=\"Carrusel de im\u00e1genes\" dir=\"ltr\">\n\t\t\t<div class=\"elementor-image-carousel swiper-wrapper\" aria-live=\"off\">\n\t\t\t\t\t\t\t\t<div class=\"swiper-slide\" role=\"group\" aria-roledescription=\"slide\" aria-label=\"1 de 1\"><figure class=\"swiper-slide-inner\"><img decoding=\"async\" class=\"swiper-slide-image\" src=\"https:\/\/hotelesport.com\/directorio\/wp-content\/uploads\/2022\/05\/medio.jpg\" alt=\"medio\" \/><\/figure><\/div>\t\t\t<\/div>\n\t\t\t\t\t<\/div>\n\t\t\t\t\t\t<\/div>\n\t\t\t\t<\/div>\n\t\t\t\t\t<\/div>\n\t\t<\/div>\n\t\t\t\t\t<\/div>\n\t\t<\/section>\n\t\t\t\t<section class=\"elementor-section elementor-top-section elementor-element elementor-element-e9510c3 elementor-section-boxed elementor-section-height-default elementor-section-height-default\" data-id=\"e9510c3\" data-element_type=\"section\" data-settings=\"{&quot;background_background&quot;:&quot;classic&quot;}\">\n\t\t\t\t\t\t<div class=\"elementor-container elementor-column-gap-no\">\n\t\t\t\t\t<div class=\"elementor-column elementor-col-100 elementor-top-column elementor-element elementor-element-175848a\" data-id=\"175848a\" data-element_type=\"column\">\n\t\t\t<div class=\"elementor-widget-wrap elementor-element-populated\">\n\t\t\t\t\t\t<div class=\"elementor-element elementor-element-160dc64 elementor-widget elementor-widget-text-editor\" data-id=\"160dc64\" data-element_type=\"widget\" data-widget_type=\"text-editor.default\">\n\t\t\t\t<div class=\"elementor-widget-container\">\n\t\t\t\t\t\t\t\t\t<p>El Hotel Es Port est\u00e1 llevando a cabo diferentes medidas a fin de ser un <strong>hotel sostenible y respetuoso con el medio<\/strong> ambiente y ha obtenido el sello internacional de GSTC. ay\u00fadenos a seguir el ejemplo siguiendo estas indicaciones:<\/p>\t\t\t\t\t\t\t\t<\/div>\n\t\t\t\t<\/div>\n\t\t\t\t<div class=\"elementor-element elementor-element-0c9d1eb elementor-widget elementor-widget-text-editor\" data-id=\"0c9d1eb\" data-element_type=\"widget\" data-widget_type=\"text-editor.default\">\n\t\t\t\t<div class=\"elementor-widget-container\">\n\t\t\t\t\t\t\t\t\t<ul><li><strong>Recordamos\u00a0 a nuestros clientes hacer un uso responsable del agua y la energia<\/strong>.<\/li><li><strong>Cambio de toallas ba\u00f1o<\/strong>: por favor deposite las toallas en el suelo del ba\u00f1o si desea que se las cambien.<\/li><li><strong>Las ventanas tienen un sensor autom\u00e1tico<\/strong>. En caso de abrir la ventana, el aire acondicionado\/ calefacci\u00f3n se para.<\/li><li><strong>Reciclaje<\/strong>: deposite en la basura del ba\u00f1o todo lo que sea rechazo y en la basura de la habitaci\u00f3n pl\u00e1stico, carton y cristal. Nuestro personal de limpieza se encargar\u00e1 de reciclar estos materiales.<\/li><li><strong>Estamos minimizando el uso de pl\u00e1sticos<\/strong>, por eso hemos sustituido nuestros amenities por dispensadores reutilizables fabricados en material reciclado y seleccionado cosm\u00e9ticos naturales de alta calidad.\u00a0 Estos dispensadores son propiedad del hotel. Si desea adquirir este producto, est\u00e1 a la venta en recepci\u00f3n.<\/li><li>El hotel dispone de <strong>placas solares<\/strong> para minimizar el uso de energ\u00eda el\u00e9ctrica.<\/li><li>El hotel dispone de un <strong>sistema de recaptaci\u00f3n de aguas grises<\/strong>, depurado y las reutiliza para regar jardines y huerto ecol\u00f3gico, as\u00ed como recogida de agua de lluvia y agua de fuentes naturales para el mismo f\u00edn.<\/li><li>El hotel dispone de una<strong> amplia zona de terreno de olivar<\/strong>. Se cuida y se mantiene con m\u00e9todos tradicionales y ecol\u00f3gicos y se recogen las aceitunas para hacer <strong>su propio aceite virgen<\/strong>, el cual se usa en los propios bares y restaurantes. Los clientes pueden visitar este olivar si lo desean.<\/li><li>Tambi\u00e9n dispone de un <strong>huerto de naranjos, limones y aguacates<\/strong> y en general verdura de temporada para los restaurantes del hotel.<\/li><li>Hacemos <strong>nuestro propio compost<\/strong> con los excedentes org\u00e1nicos\u00a0 y los utilizamos como compost en nuestro huerto y olivar.<\/li><li>Siempre que es posible y semanalmente, se realiza una visita guiada a las instalaciones del hotel, se explica la historia y el proceso de <strong>sostenibilidad<\/strong> llevado a cabo.<\/li><li>Usted se encuentra en el coraz\u00f3n de la <strong>Sierra de Tramuntana<\/strong>, declarada <strong>Patrimonio Mundial por la Unesco<\/strong> en 2011. Recepci\u00f3n dispone de informaci\u00f3n sobre una serie de lugares de inter\u00e9s cultural y natural de los alrededores as\u00ed como de lugares que ayudan a interpretar el paisaje y la cultura local. Ofrece excursiones guiadas. Rogamos respeten el entorno natural y el paisaje y lo dejen tal como lo han encontrado, libre de basuras e intacto.<\/li><li>Recordamos que por respeto a la religi\u00f3n y cultura local no es aconsejable entrar a lugares de culto en ba\u00f1ador, tirantes y sombrero\/ gorra.<\/li><li>El pueblo de s\u00f3ller y la isla en general tiene algunas fiestas tradicionales- religiosas, tales como navidad ( 25 de diciembre ), carnaval ( febrero ),pascua ( varia entre marzo y abril ), la feria anual ( segundo domingo de mayo ) incluye un simulacro de batalla entre los locales y los moriscos que data del 1561 ( es fir\u00f3 ), fiestas patronales del puerto ( sant pere 29 de junio ) y de s\u00f3ller ( sant bartomeu 24 de agosto ) y fiestas populares de sant antoni el 17 de enero, se encienden fogatas y se asan a la brasa embutidos t\u00edpicos de la isla. Cada una de estas fiestas va asociada unas com\u00eddas t\u00edpicas y actos.<\/li><\/ul>\t\t\t\t\t\t\t\t<\/div>\n\t\t\t\t<\/div>\n\t\t\t\t<div class=\"elementor-element elementor-element-363e53b elementor-widget elementor-widget-image\" data-id=\"363e53b\" data-element_type=\"widget\" data-widget_type=\"image.default\">\n\t\t\t\t<div class=\"elementor-widget-container\">\n\t\t\t\t\t\t\t\t\t\t\t\t\t\t\t\t<a href=\"https:\/\/www.hotelesport.com\/gstc\/%20\" target=\"_blank\">\n\t\t\t\t\t\t\t<img decoding=\"async\" src=\"https:\/\/hotelesport.com\/directorio\/wp-content\/uploads\/elementor\/thumbs\/gstc-r4bc33kd6yynzsv2nsxf3t0f3c3izbhuyt50es40c8.png\" title=\"gstc\" alt=\"gstc\" loading=\"lazy\" \/>\t\t\t\t\t\t\t\t<\/a>\n\t\t\t\t\t\t\t\t\t\t\t\t\t\t\t<\/div>\n\t\t\t\t<\/div>\n\t\t\t\t<div class=\"elementor-element elementor-element-790d779 elementor-widget elementor-widget-text-editor\" data-id=\"790d779\" data-element_type=\"widget\" data-widget_type=\"text-editor.default\">\n\t\t\t\t<div class=\"elementor-widget-container\">\n\t\t\t\t\t\t\t\t\t<p><b>COMPENSACI\u00d3N HUELLA DE CARBONO (CO2)<br \/><\/b>Apreciado cliente,<br \/>como sabe, estamos ayudando al medio ambiente en la medida de lo posible. Si usted quiere colaborar y compensar su Huella de Carbono, puede contactar con el hotel ya que llevamos a cabo diferentes iniciativas:<\/p><ul><li>El hotel colabora con la empresa <a href=\"https:\/\/co2gestion.com\/\" target=\"_blank\" rel=\"noopener\">CO2Gesti\u00f3n<\/a> by GESTFORMA, la cual se encarga de plantar \u00e1rboles de manera responsable en las \u00e1reas que m\u00e1s lo necesitan, contribuyendo as\u00ed a la compensaci\u00f3n del CO2 y de la huella de Carbono presente en la atm\u00f3sfera.<\/li><li>En la recepci\u00f3n encontrar\u00e1 una hucha que recoge los donativos voluntarios de los hu\u00e9spedes destinados a compensar su propia huella de carbono, resultado de su estancia en nuestro hotel.<\/li><\/ul><p>Muchas gracias por su colaboraci\u00f3n!<\/p>\t\t\t\t\t\t\t\t<\/div>\n\t\t\t\t<\/div>\n\t\t\t\t<div class=\"elementor-element elementor-element-62c4c4b elementor-widget elementor-widget-image\" data-id=\"62c4c4b\" data-element_type=\"widget\" data-widget_type=\"image.default\">\n\t\t\t\t<div class=\"elementor-widget-container\">\n\t\t\t\t\t\t\t\t\t\t\t\t\t\t\t<img fetchpriority=\"high\" decoding=\"async\" width=\"600\" height=\"778\" src=\"https:\/\/hotelesport.com\/directorio\/wp-content\/uploads\/2025\/04\/ayuda-proteccion-medioambiente.jpg\" class=\"attachment-large size-large wp-image-2654\" alt=\"\" srcset=\"https:\/\/hotelesport.com\/directorio\/wp-content\/uploads\/2025\/04\/ayuda-proteccion-medioambiente.jpg 600w, https:\/\/hotelesport.com\/directorio\/wp-content\/uploads\/2025\/04\/ayuda-proteccion-medioambiente-231x300.jpg 231w\" sizes=\"(max-width: 600px) 100vw, 600px\" \/>\t\t\t\t\t\t\t\t\t\t\t\t\t\t\t<\/div>\n\t\t\t\t<\/div>\n\t\t\t\t<div class=\"elementor-element elementor-element-3a12e73 elementor-widget elementor-widget-text-editor\" data-id=\"3a12e73\" data-element_type=\"widget\" data-widget_type=\"text-editor.default\">\n\t\t\t\t<div class=\"elementor-widget-container\">\n\t\t\t\t\t\t\t\t\t<p><b>PLAN MOVESIII<br \/><\/b>Gracias a las subvenciones del PLAN MOVESIII otorgadas por fondos europeos ( Next Generation EU ) y fondos nacionales, dentro del marco de transici\u00f3n ecol\u00f3gica de Espa\u00f1a, adquirimos en la empresa 2 veh\u00edculos el\u00e9ctricos, contribuyendo as\u00ed a la mejora de la sostenibilidad del planeta.<br \/>El programa es impulsado por el Gobierno central y gestionado por las Comunidades Aut\u00f3nomas.<br \/><br \/><\/p>\t\t\t\t\t\t\t\t<\/div>\n\t\t\t\t<\/div>\n\t\t\t\t<div class=\"elementor-element elementor-element-17504e8 elementor-widget elementor-widget-spacer\" data-id=\"17504e8\" data-element_type=\"widget\" data-widget_type=\"spacer.default\">\n\t\t\t\t<div class=\"elementor-widget-container\">\n\t\t\t\t\t\t\t<div class=\"elementor-spacer\">\n\t\t\t<div class=\"elementor-spacer-inner\"><\/div>\n\t\t<\/div>\n\t\t\t\t\t\t<\/div>\n\t\t\t\t<\/div>\n\t\t\t\t\t<\/div>\n\t\t<\/div>\n\t\t\t\t\t<\/div>\n\t\t<\/section>\n\t\t\t\t<section class=\"elementor-section elementor-top-section elementor-element elementor-element-00ebd8c elementor-section-boxed elementor-section-height-default elementor-section-height-default\" data-id=\"00ebd8c\" data-element_type=\"section\">\n\t\t\t\t\t\t<div class=\"elementor-container elementor-column-gap-default\">\n\t\t\t\t\t<div class=\"elementor-column elementor-col-100 elementor-top-column elementor-element elementor-element-8e56767\" data-id=\"8e56767\" data-element_type=\"column\">\n\t\t\t<div class=\"elementor-widget-wrap elementor-element-populated\">\n\t\t\t\t\t\t<div class=\"elementor-element elementor-element-ed25c41 elementor-widget elementor-widget-spacer\" data-id=\"ed25c41\" data-element_type=\"widget\" data-widget_type=\"spacer.default\">\n\t\t\t\t<div class=\"elementor-widget-container\">\n\t\t\t\t\t\t\t<div class=\"elementor-spacer\">\n\t\t\t<div class=\"elementor-spacer-inner\"><\/div>\n\t\t<\/div>\n\t\t\t\t\t\t<\/div>\n\t\t\t\t<\/div>\n\t\t\t\t\t<\/div>\n\t\t<\/div>\n\t\t\t\t\t<\/div>\n\t\t<\/section>\n\t\t\t\t<\/div>\n\t\t","protected":false},"excerpt":{"rendered":"<p>Compromiso medioambiental del Hotel Es Port El Hotel Es Port est\u00e1 llevando a cabo diferentes medidas a fin de ser un hotel sostenible y respetuoso con el medio ambiente y ha obtenido el sello internacional de GSTC. ay\u00fadenos a seguir el ejemplo siguiendo estas indicaciones: Recordamos\u00a0 a nuestros clientes hacer un uso responsable del agua [&hellip;]<\/p>\n","protected":false},"author":1,"featured_media":0,"parent":0,"menu_order":0,"comment_status":"closed","ping_status":"closed","template":"page-limpia.php","meta":{"inline_featured_image":false,"footnotes":""},"class_list":["post-509","page","type-page","status-publish","hentry"],"yoast_head":"<!-- This site is optimized with the Yoast SEO plugin v25.4 - https:\/\/yoast.com\/wordpress\/plugins\/seo\/ -->\n<title>Compromiso medioambiental del Hotel Es Port en S\u00f3ller<\/title>\n<meta name=\"description\" content=\"Descubre el compromiso medioambiental del Hotel Es Port en Puerto de S\u00f3ller y sus acciones por un turismo sostenible en Mallorca.\" \/>\n<meta name=\"robots\" content=\"noindex, follow, max-snippet:-1, max-image-preview:large, max-video-preview:-1\" \/>\n<meta property=\"og:locale\" content=\"es_ES\" \/>\n<meta property=\"og:type\" content=\"article\" \/>\n<meta property=\"og:title\" content=\"Compromiso medioambiental del Hotel Es Port en S\u00f3ller\" \/>\n<meta property=\"og:description\" content=\"Descubre el compromiso medioambiental del Hotel Es Port en Puerto de S\u00f3ller y sus acciones por un turismo sostenible en Mallorca.\" \/>\n<meta property=\"og:url\" content=\"https:\/\/hotelesport.com\/directorio\/medioambiente\/\" \/>\n<meta property=\"og:site_name\" content=\"Hotel Es Port\" \/>\n<meta property=\"article:modified_time\" content=\"2026-02-26T13:37:23+00:00\" \/>\n<meta property=\"og:image\" content=\"https:\/\/hotelesport.com\/directorio\/wp-content\/uploads\/2022\/05\/medio.jpg\" \/>\n<meta name=\"twitter:card\" content=\"summary_large_image\" \/>\n<meta name=\"twitter:label1\" content=\"Tiempo de lectura\" \/>\n\t<meta name=\"twitter:data1\" content=\"4 minutos\" \/>\n<script type=\"application\/ld+json\" class=\"yoast-schema-graph\">{\"@context\":\"https:\/\/schema.org\",\"@graph\":[{\"@type\":\"WebPage\",\"@id\":\"https:\/\/hotelesport.com\/directorio\/medioambiente\/\",\"url\":\"https:\/\/hotelesport.com\/directorio\/medioambiente\/\",\"name\":\"Compromiso medioambiental del Hotel Es Port en S\u00f3ller\",\"isPartOf\":{\"@id\":\"https:\/\/hotelesport.com\/directorio\/#website\"},\"primaryImageOfPage\":{\"@id\":\"https:\/\/hotelesport.com\/directorio\/medioambiente\/#primaryimage\"},\"image\":{\"@id\":\"https:\/\/hotelesport.com\/directorio\/medioambiente\/#primaryimage\"},\"thumbnailUrl\":\"https:\/\/hotelesport.com\/directorio\/wp-content\/uploads\/2022\/05\/medio.jpg\",\"datePublished\":\"2022-03-19T15:26:04+00:00\",\"dateModified\":\"2026-02-26T13:37:23+00:00\",\"description\":\"Descubre el compromiso medioambiental del Hotel Es Port en Puerto de S\u00f3ller y sus acciones por un turismo sostenible en Mallorca.\",\"breadcrumb\":{\"@id\":\"https:\/\/hotelesport.com\/directorio\/medioambiente\/#breadcrumb\"},\"inLanguage\":\"es\",\"potentialAction\":[{\"@type\":\"ReadAction\",\"target\":[\"https:\/\/hotelesport.com\/directorio\/medioambiente\/\"]}]},{\"@type\":\"ImageObject\",\"inLanguage\":\"es\",\"@id\":\"https:\/\/hotelesport.com\/directorio\/medioambiente\/#primaryimage\",\"url\":\"https:\/\/hotelesport.com\/directorio\/wp-content\/uploads\/2022\/05\/medio.jpg\",\"contentUrl\":\"https:\/\/hotelesport.com\/directorio\/wp-content\/uploads\/2022\/05\/medio.jpg\",\"width\":1150,\"height\":570},{\"@type\":\"BreadcrumbList\",\"@id\":\"https:\/\/hotelesport.com\/directorio\/medioambiente\/#breadcrumb\",\"itemListElement\":[{\"@type\":\"ListItem\",\"position\":1,\"name\":\"Portada\",\"item\":\"https:\/\/hotelesport.com\/directorio\/\"},{\"@type\":\"ListItem\",\"position\":2,\"name\":\"Medioambiente\"}]},{\"@type\":\"WebSite\",\"@id\":\"https:\/\/hotelesport.com\/directorio\/#website\",\"url\":\"https:\/\/hotelesport.com\/directorio\/\",\"name\":\"Hotel Es Port\",\"description\":\"Directorio\",\"potentialAction\":[{\"@type\":\"SearchAction\",\"target\":{\"@type\":\"EntryPoint\",\"urlTemplate\":\"https:\/\/hotelesport.com\/directorio\/?s={search_term_string}\"},\"query-input\":{\"@type\":\"PropertyValueSpecification\",\"valueRequired\":true,\"valueName\":\"search_term_string\"}}],\"inLanguage\":\"es\"}]}<\/script>\n<!-- \/ Yoast SEO plugin. -->","yoast_head_json":{"title":"Compromiso medioambiental del Hotel Es Port en S\u00f3ller","description":"Descubre el compromiso medioambiental del Hotel Es Port en Puerto de S\u00f3ller y sus acciones por un turismo sostenible en Mallorca.","robots":{"index":"noindex","follow":"follow","max-snippet":"max-snippet:-1","max-image-preview":"max-image-preview:large","max-video-preview":"max-video-preview:-1"},"og_locale":"es_ES","og_type":"article","og_title":"Compromiso medioambiental del Hotel Es Port en S\u00f3ller","og_description":"Descubre el compromiso medioambiental del Hotel Es Port en Puerto de S\u00f3ller y sus acciones por un turismo sostenible en Mallorca.","og_url":"https:\/\/hotelesport.com\/directorio\/medioambiente\/","og_site_name":"Hotel Es Port","article_modified_time":"2026-02-26T13:37:23+00:00","og_image":[{"url":"https:\/\/hotelesport.com\/directorio\/wp-content\/uploads\/2022\/05\/medio.jpg","type":"","width":"","height":""}],"twitter_card":"summary_large_image","twitter_misc":{"Tiempo de lectura":"4 minutos"},"schema":{"@context":"https:\/\/schema.org","@graph":[{"@type":"WebPage","@id":"https:\/\/hotelesport.com\/directorio\/medioambiente\/","url":"https:\/\/hotelesport.com\/directorio\/medioambiente\/","name":"Compromiso medioambiental del Hotel Es Port en S\u00f3ller","isPartOf":{"@id":"https:\/\/hotelesport.com\/directorio\/#website"},"primaryImageOfPage":{"@id":"https:\/\/hotelesport.com\/directorio\/medioambiente\/#primaryimage"},"image":{"@id":"https:\/\/hotelesport.com\/directorio\/medioambiente\/#primaryimage"},"thumbnailUrl":"https:\/\/hotelesport.com\/directorio\/wp-content\/uploads\/2022\/05\/medio.jpg","datePublished":"2022-03-19T15:26:04+00:00","dateModified":"2026-02-26T13:37:23+00:00","description":"Descubre el compromiso medioambiental del Hotel Es Port en Puerto de S\u00f3ller y sus acciones por un turismo sostenible en Mallorca.","breadcrumb":{"@id":"https:\/\/hotelesport.com\/directorio\/medioambiente\/#breadcrumb"},"inLanguage":"es","potentialAction":[{"@type":"ReadAction","target":["https:\/\/hotelesport.com\/directorio\/medioambiente\/"]}]},{"@type":"ImageObject","inLanguage":"es","@id":"https:\/\/hotelesport.com\/directorio\/medioambiente\/#primaryimage","url":"https:\/\/hotelesport.com\/directorio\/wp-content\/uploads\/2022\/05\/medio.jpg","contentUrl":"https:\/\/hotelesport.com\/directorio\/wp-content\/uploads\/2022\/05\/medio.jpg","width":1150,"height":570},{"@type":"BreadcrumbList","@id":"https:\/\/hotelesport.com\/directorio\/medioambiente\/#breadcrumb","itemListElement":[{"@type":"ListItem","position":1,"name":"Portada","item":"https:\/\/hotelesport.com\/directorio\/"},{"@type":"ListItem","position":2,"name":"Medioambiente"}]},{"@type":"WebSite","@id":"https:\/\/hotelesport.com\/directorio\/#website","url":"https:\/\/hotelesport.com\/directorio\/","name":"Hotel Es Port","description":"Directorio","potentialAction":[{"@type":"SearchAction","target":{"@type":"EntryPoint","urlTemplate":"https:\/\/hotelesport.com\/directorio\/?s={search_term_string}"},"query-input":{"@type":"PropertyValueSpecification","valueRequired":true,"valueName":"search_term_string"}}],"inLanguage":"es"}]}},"_links":{"self":[{"href":"https:\/\/hotelesport.com\/directorio\/wp-json\/wp\/v2\/pages\/509","targetHints":{"allow":["GET"]}}],"collection":[{"href":"https:\/\/hotelesport.com\/directorio\/wp-json\/wp\/v2\/pages"}],"about":[{"href":"https:\/\/hotelesport.com\/directorio\/wp-json\/wp\/v2\/types\/page"}],"author":[{"embeddable":true,"href":"https:\/\/hotelesport.com\/directorio\/wp-json\/wp\/v2\/users\/1"}],"replies":[{"embeddable":true,"href":"https:\/\/hotelesport.com\/directorio\/wp-json\/wp\/v2\/comments?post=509"}],"version-history":[{"count":61,"href":"https:\/\/hotelesport.com\/directorio\/wp-json\/wp\/v2\/pages\/509\/revisions"}],"predecessor-version":[{"id":2816,"href":"https:\/\/hotelesport.com\/directorio\/wp-json\/wp\/v2\/pages\/509\/revisions\/2816"}],"wp:attachment":[{"href":"https:\/\/hotelesport.com\/directorio\/wp-json\/wp\/v2\/media?parent=509"}],"curies":[{"name":"wp","href":"https:\/\/api.w.org\/{rel}","templated":true}]}}